 = -3. What is the units digit of f?
4
Let i(x) = -x**2 + 2*x + 24. Let n be 2/(-4)*(1 + -1). What is the units digit of i(n)?
4
Suppose 107*l - 93*l - 9548 = 0. What is the hundreds digit of l?
6
Let b(y) = 10*y**2 + 4. Suppose -5*w = d - 3, -3*w + 2 = -2*d - 5. What is the tens digit of b(d)?
4
Let w(f) = -6*f**2 + 3*f - 3 - 5 - f**3 + 24 - 11. Suppose -6*b + 3*x - 43 = -2*b, 3*b = -3*x - 6. What is the units digit of w(b)?
3
Let t(w) = 9*w**2 + 13*w + 36. What is the tens digit of t(-8)?
0
Suppose r - 308 = -6*r. Suppose -2*n = n - 9. What is the units digit of r/n - 6/9?
4
Let k be 498/(-12) + (0 - (-1)/(-2)). Suppose -b - 5 = 0, -y + 5*b = -6*y + 395. Let s = y + k. What is the tens digit of s?
4
Let i be (-1 - 1) + (12 - 4). Suppose -q + i = q. Suppose -3*r + 2*u = -65, 2*u = -q*r + 7*u + 50. What is the units digit of r?
5
Suppose 0 = -0*s + 5*s. Suppose -b + 2*z + 130 = s, z - 3 = 2. Suppose 0 = 4*a - b - 72. What is the units digit of a?
3
Let m = 480 - 174. What is the hundreds digit of m?
3
Let a(v) = -6*v**3 - 2*v**2 + v**2 - 6*v - 1 + 9*v - 5*v. Suppose 3*s + s = -4. What is the units digit of a(s)?
6
Let h be 4 - (10 + (-3 - -3)). What is the tens digit of (-1158)/(-14) - h/21?
8
Let m = -962 - -1414. What is the units digit of m?
2
What is the hundreds digit of 82/656 + 3991/8?
4
Let j be (-2 + (-12)/(-8))*0. Let p(c) = c**2 + 2. Let i be p(j). Suppose -v + i*q + q = -33, -3*v + 4*q + 89 = 0. What is the tens digit of v?
2
Let y = 10 + -18. Let d be (-22)/y + 3/12. Suppose -d*p + 1 = -2. What is the units digit of p?
1
Let l(k) = -5*k**2 + 4*k + 9. Let t(c) = -c**2 - c + 1. Let v(x) = -l(x) + 4*t(x). Let j be v(6). Let g = 25 + j. What is the units digit of g?
8
Let d = 3 - -2. Suppose 4*v + 61 = 133. Suppose -2*i + z = -v, -3*i - d*z + 64 = i. What is the units digit of i?
1
Let t be -2*(58/(-4) - -4). Let m be (1 + -2)/((-2)/(-6)). What is the units digit of (t/(-9))/(m/9)?
7
Let k(l) = l**2 + 3*l + 2. Let j be k(-6). Suppose -12*f = -j*f + 1128. What is the units digit of f?
1
Let q(r) = r**3 + 23*r**2 - 13*r - 40. What is the tens digit of q(-22)?
3
Let f(o) = 260*o**3 - 3*o**2 - 45*o + 90. What is the hundreds digit of f(2)?
0
Let y be (19*12/(-9))/(2/(-6)). Suppose 0 = -0*o + 3*o + 84. Let k = o + y. What is the tens digit of k?
4
Suppose 5*f - 8 - 22 = 0. Let w be (4 - 4)*3/f. Suppose b - 38 = -w*b. What is the tens digit of b?
3
Let l(z) = z**3 + 2*z**2 + 5*z + 1. Let j be l(3). What is the tens digit of (j*1)/(13/26)?
2
Let j be (-4)/(-1)*(0 + 1). Suppose 114 = j*g - 54. What is the units digit of g?
2
Let j(x) = -x**2 + 17*x - 16. Let a be 2*((-27)/6 - -3). Let f(k) = -k**3 - 3*k**2 - 4*k. Let p be f(a). What is the units digit of j(p)?
4
Suppose -5*w - 2*l = -169, -2*w - w = -2*l - 95. What is the tens digit of w*-1*(-56)/24?
7
Let k be ((-20)/(-30))/(-2 + (-232)/(-114)). Let w = k + 86. What is the hundreds digit of w?
1
Let f be (-3)/(-9)*(1 + 8). Suppose -f*t + p = 6*p - 17, 4*t - 5*p = 11. Suppose 17 - t = u. What is the units digit of u?
3
Suppose 4*g + 2 - 6 = 2*q, -g = -q + 1. Suppose -f = g*f. Let u = f + 11. What is the tens digit of u?
1
Let r be 1/(((-13)/(-91))/(4/14)). Let q(y) = 49*y**2 - y + 2. What is the units digit of q(r)?
6
Let i = 72 + 242. Let m = -197 + i. What is the tens digit of m?
1
Let o = -162 - -68. Let n be 1 + (-2)/4*o. Let r = n - 29. What is the tens digit of r?
1
Let q be 1/((-12)/8*1/(-36)). Suppose -q + 13 = -i. What is the units digit of i?
1
Let k(n) = -2*n**3 + 30*n**2 - 20*n. What is the tens digit of k(9)?
9
Suppose -3*x + 15 = 5*r - 2*x, 0 = 4*r - 4*x - 12. Let i(s) = 5*s + 32. Let g be i(-6). What is the tens digit of 57*r/18*g?
1
What is the units digit of (2*-1 + (-351)/18)*-26?
9
Suppose -6 = l - 8. Suppose -l*i = 2*r - 3*i, 3*i = 4*r + 4. What is the units digit of r?
2
Let m(n) = -7*n**2 + 5*n - 6. Let w be m(3). Let k be 136*(w/(-8))/3. Suppose 5*c - 54 = k. What is the tens digit of c?
7
Suppose t + 3*p = -3*t + 18, -3*t + 13 = 2*p. What is the tens digit of t/(-2 + (-2)/8)*-42?
5
Let g(w) = -w**2 - 5*w. Let v be g(-5). Suppose v = -5*u + 350 - 60. What is the tens digit of u?
5
What is the thousands digit of (-45825)/(-45) + 4/(-12)?
1
Let p(k) = -k**2 + 26*k + 140. What is the tens digit of p(26)?
4
Suppose -5 + 8 = k. Let q(o) = o**3 - o**2 - 6*o + 4. What is the units digit of q(k)?
4
Suppose -2*x - 2*u - 2*u = -170, 0 = 5*x + 3*u - 390. Suppose 2*z - 25 - x = 0. What is the tens digit of z?
5
Let p(b) = b - 1. Let j = 16 + -10. Let s be p(j). Let l = s - -12. What is the units digit of l?
7
Suppose 2*s + 4*z - 644 = -z, -3*s - 3*z + 966 = 0. What is the hundreds digit of s?
3
Let u = 8 + -2. Let s = u + -1. Suppose 0 = -0*q + s*q - 220. What is the tens digit of q?
4
What is the tens digit of ((-2)/(-9) + (-49)/(-63))*695?
9
Let t be ((-4)/(-8)*34)/1. Let f = t + -22. What is the units digit of 470/f*1/(-2)?
7
Let o = 1166 + -827. Let w = o - 115. Suppose w = l + 3*l. What is the units digit of l?
6
Let h(x) = 73 - 66 + 0*x + 4*x**3 - 5*x**3 - 10*x**2 - 14*x. What is the hundreds digit of h(-10)?
1
Let r = -102 + 144. Suppose 2*w + 2*x = r - 4, -5*w - 3*x + 93 = 0. What is the tens digit of w?
1
Suppose 0 = -3*d + 19 + 14. What is the tens digit of d?
1
Let b be 0/(-1) - (3 + -9). Let s(v) = 2*v - 7. Let z be s(b). Suppose 0 = 2*q + u - 47, -4*q + 1 + 90 = z*u. What is the units digit of q?
4
Suppose -5*t = -4*t - 2*g - 7, -3*g + 32 = t. Suppose 4*s + 32 = 3*d, 8*s = -2*d + 3*s - t. Suppose -2*j + d*j = 48. What is the tens digit of j?
2
Let k = 1 - 1. Suppose -2*j + 4*t = -j - 72, k = -3*j + 4*t + 176. Suppose 4*d = j + 16. What is the units digit of d?
7
Let p(l) = l**2 - l - 3. Let q(v) = v**3 + 7*v**2 - 2*v - 3. Let w be q(-3). Suppose 5*b + 15 = 2*r + w, -3*r = -5*b + 26. What is the units digit of p(b)?
9
Suppose r - 5*t = 5*r - 96, r = t + 33. Suppose 3*c - r = c + 3*z, -2*c - 3*z = 1. What is the units digit of c?
7
Let n(t) be the second derivative of -31*t**6/720 - t**5/60 - 5*t**4/12 + 7*t. Let d(p) be the third derivative of n(p). What is the tens digit of d(-1)?
2
Suppose -69*d + 72*d - 816 = 0. What is the units digit of d?
2
Let l(q) = -5*q - 7. What is the hundreds digit of l(-39)?
1
Let t(k) be the first derivative of 4 - k**2 + 2*k + 23/2*k**4 + 0*k**3. What is the tens digit of t(1)?
4
Let k = 26 + -28. Let g(x) = -56*x + 1. Let o be g(k). Suppose 0 = -r + o - 35. What is the units digit of r?
8
Let g = -38 + 8. Let m be ((-6)/5)/((-6)/g). Let t = 17 + m. What is the units digit of t?
1
Let o(l) = 11 + 2 + l - 7. Let q(x) = -2*x + 1. Let b be q(-3). What is the tens digit of o(b)?
1
What is the tens digit of ((-528)/(-11))/(-12) + 2051/1?
4
Suppose 7*n - 19 = 6*n. Let j = n - 14. Suppose j*s + 4*c + 0*c - 315 = 0, -3*c = -15. What is the units digit of s?
9
Suppose 5 + 20 = z. Let f = 25 - z. Suppose -j - 3*j - 3*w = -167, f = -4*j - 4*w + 168. What is the units digit of j?
1
Suppose 0 = -3*t - 3*u - 2*u + 620, -3*t + 617 = 2*u. Suppose -8*v - 5 = -t. What is the units digit of v?
5
What is the hundreds digit of 15*(141 - 2)/(5 + -4)?
0
Let i = -21 - -24. Let n = 18 - i. What is the units digit of n?
5
Suppose -285 = -x - 2*x. Let d be 102/27 + (-4)/(-18). Suppose -d*f + x = f. What is the units digit of f?
9
What is the tens digit of (-7 - (-40 + 9))/1?
2
Suppose w - 4 = -1. Suppose -4 = -w*n + 14. Suppose 2*z - 4*l - 74 = 0, -n*l + 4*l - 124 = -4*z. What is the tens digit of z?
2
Let u be (2/5)/(3/(-30)). What is the units digit of (u + 24)*(-64)/(-20)?
4
Suppose 351 = 2*o + t, 3*o - 2*t - 354 = o. Suppose -7*d = o - 673. What is the tens digit of d?
7
Suppose 0 = -2*o + 4*a + 16, -1 = 5*o + 3*a - 2. Let f(g) be the second derivative of 8*g**3/3 - 2*g**2 - 6*g. What is the tens digit of f(o)?
2
Let j(c) = -8*c - 7. Let b be j(3). Let l be 4/22 - b/11. Suppose 100 - 28 = l*a. What is the units digit of a?
4
Suppose -2*x + 2 = 2*t, t - 2*x + 16 = -4*t. Let m(u) = 1 + 3*u - 16*u - 5*u. What is the units digit of m(t)?
7
Let q = -4095 - -6254. What is the thousands digit of q?
2
Let i(c) = 65*c**2 - 3*c - 5. What is the hundreds digit of i(-5)?
6
Let u = 12 - 23. What is the units digit of (u + -1 + 0 + 2)*-7?
0
Suppose -4*d = -j, -d + 7 = j